is divided by 111.
102
Calculate the remainder when 363 is divided by 74.
67
Calculate the remainder when 593 is divided by 18.
17
What is the remainder when 1640 is divided by 137?
133
What is the remainder when 129 is divided by 65?
64
Calculate the remainder when 584 is divided by 81.
17
Calculate the remainder when 2777 is divided by 4.
1
Calculate the remainder when 47 is divided by 19.
9
Calculate the remainder when 11 is divided by 3.
2
What is the remainder when 37 is divided by 8?
5
Calculate the remainder when 936 is divided by 67.
65
Calculate the remainder when 562 is divided by 186.
4
Calculate the remainder when 151 is divided by 22.
19
Calculate the remainder when 1137 is divided by 224.
17
Calculate the remainder when 1010 is divided by 126.
2
Calculate the remainder when 148 is divided by 38.
34
Calculate the remainder when 171 is divided by 86.
85
Calculate the remainder when 602 is divided by 55.
52
What is the remainder when 187 is divided by 52?
31
What is the remainder when 97 is divided by 20?
17
What is the remainder when 60587 is divided by 54?
53
What is the remainder when 512 is divided by 47?
42
What is the remainder when 519 is divided by 15?
9
Calculate the remainder when 2635 is divided by 44.
39
Calculate the remainder when 91 is divided by 47.
44
What is the remainder when 1228 is divided by 28?
24
What is the remainder when 143 is divided by 5?
3
What is the remainder when 2458 is divided by 44?
38
Calculate the remainder when 454 is divided by 35.
34
What is the remainder when 137 is divided by 11?
5
What is the remainder when 361 is divided by 46?
39
Calculate the remainder when 549 is divided by 46.
43
What is the remainder when 564 is divided by 44?
36
What is the remainder when 1975 is divided by 26?
25
What is the remainder when 87 is divided by 44?
43
What is the remainder when 1383 is divided by 99?
96
What is the remainder when 76 is divided by 21?
13
What is the remainder when 2094 is divided by 160?
14
Calculate the remainder when 309 is divided by 10.
9
What is the remainder when 85 is divided by 19?
9
What is the remainder when 5827 is divided by 177?
163
What is the remainder when 163 is divided by 56?
51
What is the remainder when 55 is divided by 21?
13
What is the remainder when 309 is divided by 292?
17
What is the remainder when 71 is divided by 21?
8
Calculate the remainder when 216 is divided by 33.
18
Calculate the remainder when 142 is divided by 34.
6
Calculate the remainder when 109 is divided by 14.
11
What is the remainder when 116 is divided by 17?
14
What is the remainder when 530 is divided by 89?
85
Calculate the remainder when 987 is divided by 247.
246
What is the remainder when 3523 is divided by 1167?
22
Calculate the remainder when 1358 is divided by 85.
83
What is the remainder when 798 is divided by 80?
78
Calculate the remainder when 144 is divided by 64.
16
What is the remainder when 125 is divided by 44?
37
Calculate the remainder when 497 is divided by 14.
7
Calculate the remainder when 112 is divided by 65.
47
What is the remainder when 139 is divided by 49?
41
What is the remainder when 303 is divided by 56?
23
Calculate the remainder when 150 is divided by 76.
74
Calculate the remainder when 1857 is divided by 14.
9
What is the remainder when 1380 is divided by 6?
0
Calculate the remainder when 95 is divided by 80.
15
Calculate the remainder when 587 is divided by 120.
107
Calculate the remainder when 66 is divided by 38.
28
What is the remainder when 881 is divided by 85?
31
Calculate the remainder when 2817 is divided by 141.
138
Calculate the remainder when 372 is divided by 42.
36
Calculate the remainder when 327 is divided by 15.
12
What is the remainder when 575 is divided by 59?
44
What is the remainder when 602 is divided by 163?
113
What is the remainder when 238 is divided by 27?
22
What is the remainder when 156 is divided by 34?
20
What is the remainder when 112 is divided by 2?
0
What is the remainder when 769 is divided by 76?
9
What is the remainder when 274 is divided by 44?
10
Calculate the remainder when 1038 is divided by 107.
75
What is the remainder when 121 is divided by 22?
11
Calculate the remainder when 1966 is divided by 29.
23
Calculate the remainder when 22 is divided by 12.
10
Calculate the remainder when 2888 is divided by 481.
2
Calculate the remainder when 846 is divided by 37.
32
What is the remainder when 523 is divided by 172?
7
What is the remainder when 301 is divided by 70?
21
What is the remainder when 295 is divided by 11?
9
Calculate the remainder when 222 is divided by 59.
45
What is the remainder when 103 is divided by 28?
19
What is the remainder when 58 is divided by 18?
4
Calculate the remainder when 278 is divided by 16.
6
What is the remainder when 1690 is divided by 111?
25
Calculate the remainder when 198 is divided by 17.
11
What is the remainder when 1165 is divided by 578?
9
What is the remainder when 375 is divided by 94?
93
Calculate the remainder when 254 is divided by 26.
20
What is the remainder when 983 is divided by 15?
8
Calculate the remainder when 298 is divided by 270.
28
What is the remainder when 802 is divided by 203?
193
Calculate the remainder when 175 is divided by 22.
21
What is the remainder when 312 is divided by 17?
6
Calculate the remainder when 1518 is divided by 377.
10
Calculate the remainder when 1677 is divided by 23.
21
Calculate the remainder when 565 is divided by 24.
13
What is the remainder when 2419 is divided by 10?
9
Calculate the remainder when 733 is divided by 46.
43
Calculate the remainder when 63 is divided by 10.
3
What is the remainder when 41 is divided by 41?
0
Calculate the remainder when 1999 is divided by 25.
24
Calculate the remainder when 4955 is divided by 2469.
17
What is the remainder when 2371 is divided by 394?
7
What is the remainder when 628 is divided by 15?
13
Calculate the remainder when 1592 is divided by 22.
8
What is the remainder when 2125 is divided by 3?
1
What is the remainder when 410 is divided by 54?
32
What is the remainder when 9801 is divided by 13?
12
What is the remainder when 52 is divided by 6?
4
Calculate the remainder when 1343 is divided by 1331.
12
What is the remainder when 721 is divided by 220?
61
Calculate the remainder when 91 is divided by 8.
3
What is the remainder when 415 is divided by 11?
8
Calculate the remainder when 358 is divided by 10.
8
Calculate the remainder when 114 is divided by 8.
2
What is the remainder when 16 is divided by 3?
1
Calculate the remainder when 420 is divided by 390.
30
What is the remainder when 217 is divided by 54?
1
What is the remainder when 235 is divided by 122?
113
What is the remainder when 419 is divided by 83?
4
What is the remainder when 123 is divided by 16?
11
Calculate the remainder when 484 is divided by 162.
160
What is the remainder when 713 is divided by 328?
57
What is the remainder when 476 is divided by 138?
62
What is the remainder when 717 is divided by 30?
27
Calculate the remainder when 63 is divided by 26.
11
Calculate the remainder when 650 is divided by 132.
122
Calculate the remainder when 3358 is divided by 1675.
8
Calculate the remainder when 115 is divided by 33.
16
What is the remainder when 332 is divided by 28?
24
Calculate the remainder when 31 is divided by 8.
7
Calculate the remainder when 174 is divided by 45.
39
Calculate the remainder when 737 is divided by 14.
9
What is the remainder when 225 is divided by 22?
5
Calculate the remainder when 104 is divided by 19.
9
Calculate the remainder when 9915 is divided by 57.
54
What is the remainder when 326 is divided by 264?
62
What is the remainder when 251 is divided by 53?
39
What is the remainder when 421 is divided by 41?
11
What is the remainder when 52 is divided by 12?
4
What is the remainder when 1048 is divided by 14?
12
What is the remainder when 463 is divided by 31?
29
What is the remainder when 622 is divided by 94?
58
Calculate the remainder when 66 is divided by 12.
6
Calculate the remainder when 102 is divided by 15.
12
What is the remainder when 383 is divided by 74?
13
Calculate the remainder when 643 is divided by 91.
6
What is the remainder when 70 is divided by 9?
7
Calculate the remainder